t i(c) = -2*m(c) - 5*q(c). Let l be (-18)/12*4/(-6). Let w be -5 + 6 - (l + 1). Determine i(w).
0
Suppose 4*z - 3*a + 34 - 9 = 0, -5*a + 23 = -4*z. Let s = z - -1. Let c(k) = 3 + 6 + 5958*k**2 - 5957*k**2 - 12 + 7*k. What is c(s)?
-9
Let c(s) = 4*s - 28. Suppose 19*p - 194 + 23 = 0. What is c(p)?
8
Let z(n) = 6*n - 13*n + 2*n**2 + 3 + n**2 + 5*n. Let q(p) = p**2 - 11*p - 7. Let u be q(12). Suppose -2*o = -u*a + 1, -a = -4*o + 7 - 0. Determine z(o).
11
Let a(w) = 17*w**2 - 4. Let g(k) = -34*k**2 + 7. Let x(h) = 7*a(h) + 4*g(h). Suppose -17*v = -15*v - 20. Let p be ((-1)/(-1 - -3))/(5/v). Calculate x(p).
-17
Suppose 4*m = w + 868, -5*m + m + 860 = -3*w. Suppose 26*b - m + 10 = 0. Let z(p) = 3*p - 1. Let a(i) = 6*i - 2. Let j(d) = 2*a(d) - 5*z(d). Give j(b).
-23
Let k be -3 - 152/(-42) - (-78)/(-273). Let a(h) be the first derivative of -8 - 3*h - h**2 + k*h**3. What is a(-2)?
5
Let r(h) = -8*h**3 - h**2 + 2. Let c(g) = -30*g**3 - g**2 - 3*g + 11. Let t(m) = -c(m) + 6*r(m). Calculate t(1).
-19
Let s(b) = -2215*b + 1103*b + 1114*b + 3. Calculate s(2).
7
Let f(v) be the first derivative of v**3/3 - 3*v**2 - 21*v + 59. Let m(w) = 2*w**2 - 14*w - 42. Let j(y) = -7*f(y) + 3*m(y). Calculate j(0).
21
Let h(d) = 2*d**2 - 25*d + 14. Let p be 3 + 1 - (25 + -38 - -5). Give h(p).
2
Suppose -2*i = -5*d - 14, 25*i - 22*i = d + 8. Let r(t) = 8 - 12 + 4 - 6*t. Give r(i).
-12
Let l be 5/6*(7 + -1). Suppose -40 = -5*y + 5*f, 0 = 5*y + f - l - 47. Let c(x) = -x + 13. What is c(y)?
3
Suppose -17 + 2 = -5*u. Let t(j) = 2*j**2 - j - 2. Let x(b) = -5*b**2 - 7*b + 2. Let i(m) = u*t(m) + x(m). Calculate i(9).
-13
Let u(w) be the second derivative of 1/2*w**2 - 30*w + 2 - 1/2*w**3 + 1/12*w**4. Give u(3).
1
Let h(p) = 3*p - 34. Let j = -2623 + 2633. Determine h(j).
-4
Suppose 399 = 13157*a - 13290*a. Let w(k) = 2*k**3 - 3*k**2 - k - 4. Let j(d) = -3*d**3 + 3*d**2 + 4. Let b(y) = -3*j(y) - 4*w(y). Give b(a).
-8
Let f(j) = -3*j**3 + j**2 - j + 1. Let r(i) be the first derivative of 13*i**4/4 - 10*i**3/3 + 4*i**2 - 5*i - 34. Let q(t) = -4*f(t) - r(t). What is q(4)?
17
Let s(i) = -6*i**2 - 3*i + 4. Suppose 8*a - 10 = 14. Let j(m) = m**2 + m - 1. Let w(n) = a*j(n) + s(n). Let p = -10 + 8. Determine w(p).
-11
Suppose o + z = 0, 2*o = z - 0*z + 3. Let c(g) be the third derivative of 0 - 7/24*g**4 + 23*g**2 + 0*g + 1/6*g**3. Calculate c(o).
-6
Let u(j) = -3*j**2 + 2*j + 1. Suppose 24*f - 124 = 20*f. Let b(g) = g**2 - 29*g - 63. Let m be b(f). Give u(m).
-4
Let z(o) = -7*o + 14. Let d(s) = 8*s - 15. Let k(t) = 6*d(t) + 7*z(t). Suppose 0 = -24*m - 4*m + 6*m + 88. Calculate k(m).
4
Let q(c) = -21*c + 6. Let g(s) = s - 1. Let h(k) = -5*g(k) - q(k). Let d = -8 + 9. What is h(d)?
15
Let l(r) = 11*r**2 + r - 1. Suppose 0 = 2*i - 32*g + 31*g - 4, 0 = 5*i + 5*g + 5. What is l(i)?
11
Let g(v) = -9*v**3 - 3*v**2 + v + 5. Suppose 75*j - 35 = 105*j - 5. Give g(j).
10
Let u = -7738 - -7748. Let g(f) = -f**3 + 9*f**2 + 5*f + 43. Give g(u).
-7
Let b be -10*(-21)/798*-19. Let n(q) = -5*q - 23. Determine n(b).
2
Suppose 0 = 5*k + 3*m + 17, -172*k + 168*k = -5*m + 58. Let d(j) = -3*j**2 - 8*j + 3. What is d(k)?
-88
Let d(g) be the third derivative of -11*g**4/8 - 103*g**3/6 - g**2 + 1469. Calculate d(-3).
-4
Let x(m) = -5*m**3 - 12*m**2 + 2*m - 7. Let v(t) be the first derivative of t**4 + 10*t**3/3 - t**2/2 + 6*t - 22. Let p(f) = 4*v(f) + 3*x(f). Calculate p(-3).
6
Let j(h) = h**3 - h**2 + 2*h + 2. Let t(x) = 75 - 29 - 10*x - 27 + 6*x**2 - 26 + 9*x**3. Let q(v) = 4*j(v) + t(v). Determine q(1).
14
Let y(b) = b - 1. Let j(u) = -u**3 + 3*u**2 - 6*u + 10. Let s(i) = j(i) + 3*y(i). Suppose 0 = 3*v - 15, -21*t - 7*v = -17*t - 47. What is s(t)?
-2
Let t = 29 - 78. Let k be 252/t - (-2)/14. Let u(c) = -7*c - 32. Let n be u(k). Let q(j) = j**3 - 2*j**2 - 2*j - 1. Give q(n).
2
Let q(u) be the third derivative of 0 + 89*u**2 + 0*u + 1/3*u**3 - 1/24*u**4 - 1/60*u**5. What is q(3)?
-10
Let f(w) = -w**2 + 1. Let k(s) = 0 + 226*s - 2 - 225*s. Let i be k(0). Let p(d) = d**2 + 3*d + 4. Let j(o) = i*f(o) - p(o). What is j(6)?
12
Let s(i) = -106*i - i**2 - 41*i - 4 + 142*i. Let j be 72/10*20/8. Let q = j - 21. Calculate s(q).
2
Let a(c) = c**2 - 106*c - 1 + 2*c**2 - 4*c**2 + 4 + 107*c. Let i = 16 - 13. What is a(i)?
-3
Let c(s) = -351*s**2 + 39*s - 4. Let v(g) = 128*g**2 - 13*g + 1. Let n(u) = -4*c(u) - 11*v(u). Give n(-4).
-7
Let j(v) be the second derivative of -4 + 0*v**4 - v**2 + 1/20*v**5 + 0*v**3 - 11*v. Calculate j(0).
-2
Let u(l) = 25*l + 157. Let q(g) = -29*g - 159. Let z(y) = -4*q(y) - 5*u(y). Give z(-16).
-5
Let f(j) = -j + 79754 + 4*j - 79663 + 3*j. Calculate f(-15).
1
Let k(z) = z**2 + 36*z - 260. Let p = 4125 + -4119. Determine k(p).
-8
Suppose 14*x - 10*x = 636. Let s(v) = -x*v**3 + 81*v**3 - 8*v**2 + 79*v**3 + 5 + 3*v**2 - v. Give s(5).
0
Let t(j) = -2*j**2 - 36*j - 16. Suppose h + 31 = -2*a + 6*h, 5*h = -5*a - 95. Determine t(a).
-16
Let u(h) = h**3 + 14*h**2 - h - 11. Let p be 142/(-10) - (-9)/45. Let i be u(p). Suppose l + 3*f = -i*l + 17, -7 = -5*l + f. Let v(x) = 8*x. Calculate v(l).
16
Let a(z) = -z**3 - 178 + z - 11*z**2 + 10*z + 0*z + 153 + 0*z. Give a(-12).
-13
Suppose 4*i + 4*u + 1 = 41, -32 = -2*i + 4*u. Let g(y) = 3 + y**3 + 4*y - 23*y + 5*y - 3*y**2 + 6 - 8*y**2 - 2. Calculate g(i).
-17
Suppose 77*r = 70*r - 28. Suppose 3*v = -2*v. Let n(w) = 5 - 4 - 3*w + 0*w + v. Calculate n(r).
13
Let t(h) = h**3 + 13*h - 22. Let c(o) = 2*o**3 + o**2 + 13*o - 25. Let f(x) = -2*c(x) + 3*t(x). Determine f(-5).
-6
Let x(u) = -18*u - 11. Let v(t) = 356*t + 1778. Let o be v(-5). Determine x(o).
25
Let o(d) = -38591 + 19294 + 19296 - 18*d + 3*d**2. Give o(6).
-1
Let h be (-5 - (4 - 6)) + -1 + 4. Suppose h*n + 2*g = 4*n + 52, -3*n - 40 = -2*g. Let m(t) = t**3 + 12*t**2 + t + 6. Calculate m(n).
-6
Let i(c) = -8*c**3 + 8*c**2 - 17*c - 6. Let j(y) = -3*y**3 + 3*y**2 - 6*y - 2. Let r(t) = 4*i(t) - 11*j(t). Let q = -68229 - -68227. Determine r(q).
-10
Let y(w) = 28*w. Let f(m) = -8*m - 18. Let h(p) = -9*p - 24. Let v(x) = 4*f(x) - 3*h(x). Let o(l) = 10*v(l) + 2*y(l). Give o(2).
12
Let y(u) be the third derivative of -29*u**7/5040 - u**6/720 - 29*u**5/30 + 80*u**2. Let f(q) be the third derivative of y(q). Give f(1).
-30
Let q(t) be the first derivative of -t**5/20 + 5*t**4/12 - t**3/6 - t**2 - 103*t - 114. Let h(u) be the first derivative of q(u). Calculate h(5).
-7
Let q be ((-70)/(-8))/(295/118). Let g(d) be the first derivative of -q*d**2 + 1/4*d**4 + 2*d**3 + 4*d - 7. Give g(-7).
4
Let z(y) = 11*y - 16. Let g(x) = x**2 + 10*x - 68. Let b be g(-15). What is z(b)?
61
Suppose -16*t = -8*t - 256. Suppose -t*n + 12 = -34*n. Let o(k) = -2*k**2 + 6*k - 1. Let x(i) = i**2 - 6*i + 1. Let j(h) = 2*o(h) + 3*x(h). Determine j(n).
1
Let j(h) = 19*h + 151. Let x = 7300 + -7308. Calculate j(x).
-1
Let z(b) be the first derivative of -74 - 1/3*b**3 + 5*b**2 + 25*b. What is z(12)?
1
Suppose -4*d + 544 = 16*d + 12*d. Let v(c) = 3*c**2 - 51*c + 3. Give v(d).
3
Let w(v) be the first derivative of 10 - 1/120*v**5 - 17/3*v**3 + 0*v + 0*v**2 + 1/12*v**4. Let c(y) be the third derivative of w(y). What is c(7)?
-5
Let b(y) = -5*y**2 - 27*y - 6. Let m be b(-5). Let o(u) = 13 - 28 + u**2 - 12*u + m + 2. What is o(13)?
4
Let b(o) be the third derivative of o**6/120 + o**5/6 - 5*o**4/12 + o**3/2 + 1186*o**2. Give b(-11).
-8
Let u(j) = j**2 - 3*j**2 - j + 5*j**2 - 1. Let w(g) = -6*g**2 + 2*g. Let q(z) = -z**2 - 2. Let r(n) = -q(n) + w(n). Let h(i) = 6*r(i) + 11*u(i). Give h(2).
15
Let c(z) = -z - 2. Suppose 0 = -f + 6*f + 2*k + 779, 308 = -2*f + k. Let g = f - -74. Let b be 39/g*-12 - (-2)/9. What is c(b)?
-8
Let j = -39386 - -39435. Let x(m) = m - 19. Give x(j).
30
Suppose -154*b = -3741 + 661. Let q(m) = m**3 - 19*m**2 - 20*m + 29. Calculate q(b).
29
Let s = 22502 - 22501. Let v(b) = 36*b + 1. Calculate v(s).
37
Let y(u) = -22*u - 195. Let w be y(-11). Let l(t) = -8*t + 13 - 11*t**2 + 46*t**3 - w*t**3 + 2. Calculate l(-10).
-5
Let i(r) = 234*r**2 + r - 484*r**2 - 4*r**3 + 1 + 249*r**2. Calculate i(-1).
3
Let u be 14/(-3)*(13 + -19). Suppose 2*v = 3*p - v - 12, v + u = 5*p. Let n(j) = j**2 - 7*j + 6. Let l be n(p). Let x(g) = g**2 - 12. Determine x(l).
-12
Let w(u) = 5*u**2 + 7*u - 4. Let t(z) = -11*z**2 - 15*z + 8. Let a(p) = 6*t(p)